{"id":1391,"date":"2024-05-07T11:47:33","date_gmt":"2024-05-07T09:47:33","guid":{"rendered":"https:\/\/www.communitylibraryaliorsaradipuglia.it\/?page_id=1391"},"modified":"2024-08-23T09:27:33","modified_gmt":"2024-08-23T07:27:33","slug":"book-crossing","status":"publish","type":"page","link":"https:\/\/www.communitylibraryaliorsaradipuglia.it\/index.php\/book-crossing\/","title":{"rendered":"Book Crossing"},"content":{"rendered":"\t\t<div data-elementor-type=\"wp-page\" data-elementor-id=\"1391\" class=\"elementor elementor-1391\">\n\t\t\t\t\t\t<section class=\"elementor-section elementor-top-section elementor-element elementor-element-44eb1bf8 elementor-section-boxed elementor-section-height-default elementor-section-height-default\" data-id=\"44eb1bf8\" data-element_type=\"section\" data-settings=\"{&quot;background_background&quot;:&quot;classic&quot;}\">\n\t\t\t\t\t\t\t<div class=\"elementor-background-overlay\"><\/div>\n\t\t\t\t\t\t\t<div class=\"elementor-container elementor-column-gap-default\">\n\t\t\t\t\t<div class=\"elementor-column elementor-col-100 elementor-top-column elementor-element elementor-element-7c9e8194\" data-id=\"7c9e8194\" data-element_type=\"column\">\n\t\t\t<div class=\"elementor-widget-wrap elementor-element-populated\">\n\t\t\t\t\t\t<div class=\"elementor-element elementor-element-2689c73b elementor-icon-list--layout-inline elementor-align-center elementor-list-item-link-full_width elementor-widget elementor-widget-icon-list\" data-id=\"2689c73b\" data-element_type=\"widget\" data-widget_type=\"icon-list.default\">\n\t\t\t\t<div class=\"elementor-widget-container\">\n\t\t\t\t\t\t\t<ul class=\"elementor-icon-list-items elementor-inline-items\">\n\t\t\t\t\t\t\t<li class=\"elementor-icon-list-item elementor-inline-item\">\n\t\t\t\t\t\t\t\t\t\t<span class=\"elementor-icon-list-text\">Home<\/span>\n\t\t\t\t\t\t\t\t\t<\/li>\n\t\t\t\t\t\t\t\t<li class=\"elementor-icon-list-item elementor-inline-item\">\n\t\t\t\t\t\t\t\t\t\t\t<span class=\"elementor-icon-list-icon\">\n\t\t\t\t\t\t\t<i aria-hidden=\"true\" class=\"icon icon-open-book1\"><\/i>\t\t\t\t\t\t<\/span>\n\t\t\t\t\t\t\t\t\t\t<span class=\"elementor-icon-list-text\">Book Crossing<\/span>\n\t\t\t\t\t\t\t\t\t<\/li>\n\t\t\t\t\t\t<\/ul>\n\t\t\t\t\t\t<\/div>\n\t\t\t\t<\/div>\n\t\t\t\t<div class=\"elementor-element elementor-element-5308161a elementor-widget elementor-widget-heading\" data-id=\"5308161a\" data-element_type=\"widget\" data-widget_type=\"heading.default\">\n\t\t\t\t<div class=\"elementor-widget-container\">\n\t\t\t\t\t<h2 class=\"elementor-heading-title elementor-size-default\">Book Crossing<\/h2>\t\t\t\t<\/div>\n\t\t\t\t<\/div>\n\t\t\t\t\t<\/div>\n\t\t<\/div>\n\t\t\t\t\t<\/div>\n\t\t<\/section>\n\t\t<div class=\"elementor-element elementor-element-0717d9e e-flex e-con-boxed e-con e-parent\" data-id=\"0717d9e\" data-element_type=\"container\">\n\t\t\t\t\t<div class=\"e-con-inner\">\n\t\t\t\t<div class=\"elementor-element elementor-element-29cf2b6 elementor-widget elementor-widget-text-editor\" data-id=\"29cf2b6\" data-element_type=\"widget\" data-widget_type=\"text-editor.default\">\n\t\t\t\t<div class=\"elementor-widget-container\">\n\t\t\t\t\t\t\t\t\t<h3><strong>Cos&#8217;\u00e8 il Crossbooking?<\/strong><\/h3>\nIl crossbooking \u00e8 un sistema che consente ai membri delle biblioteche di cercare e prendere in prestito materiali disponibili in altre biblioteche partecipanti alla rete. Questo significa che se una biblioteca non dispone di un certo libro o articolo, i suoi membri possono comunque accedervi attraverso la rete di biblioteche collegate.\n<h3><strong>Come Funziona?<\/strong><\/h3>\nQuando un membro della biblioteca desidera accedere a un materiale non disponibile localmente, pu\u00f2 effettuare una ricerca nel catalogo condiviso della rete di biblioteche partecipanti. Una volta trovato il materiale desiderato, il membro pu\u00f2 prenotarlo e richiederne il prestito. La biblioteca di origine ricever\u00e0 quindi la richiesta e faciliter\u00e0 il prestito tramite la rete.\n<h4><strong>I Benefici del Crossbooking<\/strong><\/h4>\nIl crossbooking offre numerosi vantaggi sia per i membri delle biblioteche che per le istituzioni stesse. Per i membri, questo sistema amplia l&#8217;accesso alla conoscenza, consentendo loro di esplorare una vasta gamma di materiali al di l\u00e0 delle collezioni locali. Inoltre, il crossbooking promuove la condivisione delle risorse tra le biblioteche, ottimizzando l&#8217;utilizzo delle risorse esistenti e riducendo la duplicazione delle collezioni. Questo porta a una maggiore efficienza e sostenibilit\u00e0 nel settore delle biblioteche.\n<h3><strong>Conclusioni:<\/strong><\/h3>\nIl crossbooking rappresenta un&#8217;evoluzione importante nel modo in cui le biblioteche offrono accesso alla conoscenza. Questa pratica innovativa apre nuove porte per i membri delle biblioteche, consentendo loro di esplorare una vasta gamma di materiali al di l\u00e0 delle collezioni locali. Con i suoi benefici evidenti per i membri e per le biblioteche stesse, il crossbooking sta rapidamente diventando una componente essenziale del panorama bibliotecario moderno, promuovendo l&#8217;accesso equo alla conoscenza e rafforzando i legami all&#8217;interno delle comunit\u00e0.\n\n&nbsp;\n\n<h3><center><strong>Entra nel mondo del <a href=\"https:\/\/www.bookcrossing.com\/\" target=\"_blank\">bookcrossing<\/a><\/strong><\/h3>\t\t\t\t\t\t\t\t<\/div>\n\t\t\t\t<\/div>\n\t\t\t\t\t<\/div>\n\t\t\t\t<\/div>\n\t\t\t\t<\/div>\n\t\t","protected":false},"excerpt":{"rendered":"<p>Home Book Crossing Book Crossing Cos&#8217;\u00e8 il Crossbooking? Il crossbooking \u00e8 un sistema che consente ai membri delle biblioteche di cercare e prendere in prestito materiali disponibili in altre biblioteche partecipanti alla rete. Questo significa che se una biblioteca non dispone di un certo libro o articolo, i suoi membri possono comunque accedervi attraverso la [&hellip;]<\/p>\n","protected":false},"author":1,"featured_media":0,"parent":0,"menu_order":0,"comment_status":"closed","ping_status":"closed","template":"elementor_header_footer","meta":{"footnotes":""},"class_list":["post-1391","page","type-page","status-publish","hentry"],"_links":{"self":[{"href":"https:\/\/www.communitylibraryaliorsaradipuglia.it\/index.php\/wp-json\/wp\/v2\/pages\/1391","targetHints":{"allow":["GET"]}}],"collection":[{"href":"https:\/\/www.communitylibraryaliorsaradipuglia.it\/index.php\/wp-json\/wp\/v2\/pages"}],"about":[{"href":"https:\/\/www.communitylibraryaliorsaradipuglia.it\/index.php\/wp-json\/wp\/v2\/types\/page"}],"author":[{"embeddable":true,"href":"https:\/\/www.communitylibraryaliorsaradipuglia.it\/index.php\/wp-json\/wp\/v2\/users\/1"}],"replies":[{"embeddable":true,"href":"https:\/\/www.communitylibraryaliorsaradipuglia.it\/index.php\/wp-json\/wp\/v2\/comments?post=1391"}],"version-history":[{"count":16,"href":"https:\/\/www.communitylibraryaliorsaradipuglia.it\/index.php\/wp-json\/wp\/v2\/pages\/1391\/revisions"}],"predecessor-version":[{"id":3419,"href":"https:\/\/www.communitylibraryaliorsaradipuglia.it\/index.php\/wp-json\/wp\/v2\/pages\/1391\/revisions\/3419"}],"wp:attachment":[{"href":"https:\/\/www.communitylibraryaliorsaradipuglia.it\/index.php\/wp-json\/wp\/v2\/media?parent=1391"}],"curies":[{"name":"wp","href":"https:\/\/api.w.org\/{rel}","templated":true}]}}